f x**3/3 + 3*x**2 + 4*x - 1. Let g be b(-5). Calculate the remainder when 7 is divided by (6/(-8))/(g/4).
1
Let l = 99 + -89. Calculate the remainder when 48 is divided by l.
8
Suppose 0 = 2*y - 4*h - 48 - 46, -2*y = 4*h - 94. Calculate the remainder when y is divided by 18.
11
Let p(q) = 2*q**2 + 4*q + 4. Calculate the remainder when p(-5) is divided by 9.
7
Let q = 12 - -45. Suppose 4*o - 123 = -5*l, -2*o = -4*l + q + 31. What is the remainder when l is divided by 8?
7
Suppose -3*s = -4*n - 83, 5*n - s - 2*s = -103. Calculate the remainder when 42 is divided by 0 - (-3 + n - -1).
20
Let f(r) = 4*r + 1. Suppose 18 = 2*h + 5*u, -u - 18 = -2*h - 3*h. What is the remainder when 67 is divided by f(h)?
16
Suppose 5*s + 24 = -4*i + s, -5*s = i - 2. Let w = 11 + i. Suppose w*u = u + 28. What is the remainder when 40 is divided by u?
12
Suppose -2*o - 2*o - 140 = 0. Suppose 4*a - 13 - 23 = 0. Calculate the remainder when a is divided by (o/(-14))/((-1)/(-2)).
4
Let t(u) = u**3 + 7*u**2 + 5*u - 4. Let g be -4 - (5 + 3/(-1)). What is the remainder when t(g) is divided by 1?
0
Let g be (18/(-15))/((-2)/(-10)). Let z = g + 8. Let r(q) = 4*q - 1. What is the remainder when 13 is divided by r(z)?
6
Let u(d) = d**3 + 7*d**2 - 5*d. What is the remainder when u(-7) is divided by 20?
15
Let o(v) = 74*v**2 - 4*v + 1. Calculate the remainder when o(-1) is divided by 16.
15
Let i = 91 - 79. What is the remainder when 80 is divided by i?
8
Suppose -z - 2*d = -24, -3*d = -0*z - z + 34. What is the remainder when 83 is divided by z?
27
Let k(g) = -g**3 + 12*g**2 - 2*g + 9. Let q be k(12). Let c = 8 + q. Let a = 26 + c. Calculate the remainder when 37 is divided by a.
18
Suppose -2*p + 17 = 7. Let j = p + 12. What is the remainder when 49 is divided by j?
15
Let a = 44 - 1. What is the remainder when a is divided by 9?
7
Suppose q + 4*q = -5*y + 5, -4*q - 2*y = -6. Suppose -5*v - 11 = -3*g, -2*g = q*v - v + 10. Calculate the remainder when (-4)/(-10) - g/5 is divided by 1.
0
Suppose 3*v - 1 = 2. Let b = -6 - -8. Calculate the remainder when b is divided by v.
0
Suppose 30 = x + 2*x. Calculate the remainder when x is divided by 4.
2
Let d be 7 + -1 - 1 - 0. Suppose -5*n - 22 = -2*q, -d*n = q - 4 - 7. Calculate the remainder when 21 is divided by q.
10
Let k = -105 - -17. What is the remainder when 32 is divided by (1/2)/((-4)/k)?
10
Let s(v) = 2*v + 24. Let x(i) = i**2 - 3*i - 3. What is the remainder when s(0) is divided by x(5)?
3
Suppose q + w = -0*q + 51, 0 = 5*q - 5*w - 235. Suppose 2*r + 4*j - 26 = 0, 107 - 24 = 5*r + j. Calculate the remainder when q is divided by r.
15
Suppose 0 - 76 = -4*f. What is the remainder when f is divided by 11?
8
Let q(w) = w**3 - w**2 - w + 4. What is the remainder when q(0) is divided by 3?
1
Let h(k) = -k**3 + 2*k**2 + 5*k - 2. What is the remainder when (63/(-12))/(3/(-8)) is divided by h(3)?
2
Let q = -3 + 2. Let h = q - -8. Calculate the remainder when 279/21 - 8/28 is divided by h.
6
What is the remainder when (-6)/(-10) + 921/15 is divided by 13?
10
Let v = 9 - 3. Suppose -3*o + v*o - 21 = 0. Let u = 24 + 1. Calculate the remainder when u is divided by o.
4
Suppose -4*x - 5 + 17 = 0. Calculate the remainder when 13 is divided by x.
1
Suppose w + 11 = -0*w - 3*q, -11 = -4*w - q. Calculate the remainder when 1 + 2 - (-1 + -3) is divided by w.
3
Let k(p) = 7*p**2 + 1. Let j(c) = c**2. Suppose -4*d = -9*d + 5. Let x(s) = d*k(s) - 6*j(s). Calculate the remainder when 14 is divided by x(-2).
4
Let w = -125 - -223. Calculate the remainder when w is divided by 17.
13
Suppose -114 = 3*t - 3*u, -2*t - 2*t - 4*u = 144. Let w = 52 + t. Suppose -5*a + 64 = 3*m, -2*m - a + 36 = 4*a. Calculate the remainder when m is divided by w.
13
Let x(h) = -2*h**3 - 5*h**2 + 7*h - 3. Calculate the remainder when x(-6) is divided by 52.
51
Calculate the remainder when 47 + 4/(3 - -1) is divided by 17.
14
Let t be (12/(-18))/(2/36). Let a = t - -24. Suppose s + a = 5*s. Calculate the remainder when 7 is divided by s.
1
Suppose u + 2*u + 5*a = 32, -3*u + 26 = -a. Calculate the remainder when u is divided by 2.
1
Let i = 21 + -13. Calculate the remainder when i/(-12)*(1 - 7) is divided by 3.
1
Let f = 64 - 37. Suppose -3*c + 0*c + f = 0. What is the remainder when 13 is divided by 2/c - (-61)/9?
6
Suppose -2*r + 3*s - 84 = 0, r = -4*r - 4*s - 187. Let z = -11 - r. Let o(m) = -m**2 - 16*m - 13. Calculate the remainder when z is divided by o(-14).
13
Let a(s) be the third derivative of s**5/60 + 5*s**4/24 + 3*s**3/2 - 2*s**2. Calculate the remainder when a(-9) is divided by 12.
9
Let l(o) = 3*o**2 + 3*o + 5. Let z(k) = -4*k**2 - 3*k - 5. Let s(h) = -6*l(h) - 5*z(h). Calculate the remainder when 43 is divided by s(4).
13
Let i = 1 - -6. Suppose -2*z - 6 = -4*z. What is the remainder when i is divided by z?
1
Let x = -4 - -9. Suppose 0 = -x*m - o - 3*o + 108, 2*m + 2*o - 44 = 0. Calculate the remainder when m is divided by 11.
9
Suppose -318 + 22 = -4*n. Calculate the remainder when n is divided by 19.
17
Suppose 1 = -2*l - 1. Calculate the remainder when l/(0 - -1) + 15 is divided by 52/14 + (-4)/(-14).
2
Suppose i - 4*s - 17 = 0, -5*i + 2*s - 3*s = -43. Calculate the remainder when i is divided by (4/(-2))/((-6)/15).
4
Suppose 0*t = -5*t - 10. Suppose 3*y - 48 = -y. What is the remainder when (16/3 - t)*3 is divided by y?
10
Suppose -m = -2*m + 19. Calculate the remainder when m is divided by (-30)/4*(-4)/3.
9
Let g(f) = f**3 + f**2 - 3*f - 1. Suppose m - 11 - 39 = 0. What is the remainder when m is divided by g(3)?
24
Suppose -2*y = -34 + 2. What is the remainder when 63 is divided by y?
15
Let w = -5 - -1. Let h = w - -6. Suppose 10 = b + 2*v, 4*v = -4*b + 22 + h. Calculate the remainder when 3 is divided by b.
1
Let f(j) = j**2 - 4*j - 2. Let s be f(5). What is the remainder when 6 is divided by (-2)/s*54/(-12)?
0
Let c be (-9)/(-5) - (-1)/5. Let j(d) = 36*d - 3. Calculate the remainder when j(c) is divided by 18.
15
Let i(o) = -o**3 - 3*o**2 - 4*o - 2. Let c be i(-2). Let l(x) = -c*x - 8*x**2 + 0*x + 4 - x**3 - 6*x. Calculate the remainder when l(-7) is divided by 4.
3
Suppose 0 = -0*c - 2*c + 44. Calculate the remainder when 43 is divided by c.
21
Suppose -2*j - j + 178 = 5*d, 4*j - 245 = d. Calculate the remainder when j is divided by 21.
19
Suppose 4*r - 132 = -24. Suppose 2*z - 4*c + c - 21 = 0, 4*z + 5*c = 75. What is the remainder when r is divided by z?
12
Suppose y + 3 = 0, 0 = 5*v + 4*y - 55 - 58. Suppose 4*a = -o - 3 + 6, 0 = -5*o + 3*a + 38. What is the remainder when v is divided by o?
4
Let a(z) = z**2 - 8*z + 1. Let o be a(8). Let k = o - -7. Suppose 5*u + k*h - 192 = 4*h, 5*u = 3*h + 206. Calculate the remainder when u is divided by 14.
12
Suppose 3*f - 118 - 23 = 0. What is the remainder when f is divided by 24?
23
Suppose 4*q - w - 4 = -0*w, q = 4*w + 1. What is the remainder when ((-2)/3)/(6/(-18)) is divided by q?
0
Let q be 17/(-1) - (2 - 3). Let j be (4/q)/(1/(-4)). What is the remainder when j*-5*(-7)/5 is divided by 4?
3
Let a = -52 - -90. What is the remainder when 147 is divided by a?
33
Calculate the remainder when ((-300)/(-8) - -5)*16/10 is divided by ((-161)/(-14))/((-2)/(-4)).
22
Suppose -4*d - 2*d + 414 = 0. What is the remainder when d is divided by 24?
21
Let h(w) = 5*w - 14. What is the remainder when h(7) is divided by 1*(3 + (8 - -1))?
9
Suppose 4 = t + 3*i, t + 2*i = 7 - 2. Suppose 4*j - 24 = -p - 0*p, 3*p + 2*j = 22. Calculate the remainder when t is divided by p.
3
Let b(i) = 2*i**2 + 10*i + 11. Let x be b(-8). Let t = x - 12. What is the remainder when t is divided by 16?
15
Suppose -k + 6*k + n = 13, -7 = -3*k - n. Suppose -s + 16 = k*q, 4*s + q + 23 = 98. What is the remainder when s is divided by (-63)/(-6) + (-2)/4?
9
Let u(f) = 3*f + 21. Calculate the remainder when 34 is divided by u(-5).
4
Suppose 4*f - 241 = 3*i, -3*i + 0 = 9. Calculate the remainder when f is divided by 15.
13
Let o(x) = -x**3 + 2*x**2 + 2*x - 1. Let z be 16/(-24)*(-3)/(-1). Suppose -q = -11 - 20. What is the remainder when q is divided by o(z)?
9
Calculate the remainder when (-4524)/(-145)*10/3 is divided by 15.
14
Let u = 12 + -8. Suppose 4*g - 3*s = g + 159, -u*g - 3*s + 177 = 0. Suppose h + 15 = g. What is the remainder when h is 